45964 is divided by 166892?
12
What is the remainder when 32209853 is divided by 2130?
2123
What is the remainder when 1401571 is divided by 700771?
29
What is the remainder when 17121 is divided by 3893?
1549
What is the remainder when 3500521 is divided by 541?
251
Calculate the remainder when 89150 is divided by 4052.
6
What is the remainder when 20043364 is divided by 607374?
22
What is the remainder when 2459912 is divided by 358?
94
What is the remainder when 10039775 is divided by 2509928?
63
Calculate the remainder when 2786168 is divided by 75.
68
What is the remainder when 333189 is divided by 1216?
5
What is the remainder when 767558 is divided by 30702?
8
Calculate the remainder when 7111990 is divided by 112.
102
Calculate the remainder when 4225353 is divided by 2112674.
5
What is the remainder when 12988315 is divided by 417?
16
Calculate the remainder when 480774 is divided by 48075.
24
What is the remainder when 11892992 is divided by 8074?
8064
Calculate the remainder when 2146585 is divided by 1073286.
13
Calculate the remainder when 11022976 is divided by 17982.
10
What is the remainder when 592013 is divided by 118402?
3
What is the remainder when 11441422 is divided by 165?
157
What is the remainder when 1277794 is divided by 192?
34
Calculate the remainder when 2450913 is divided by 76588.
97
What is the remainder when 910917069 is divided by 1872?
1869
Calculate the remainder when 23060971 is divided by 461217.
121
Calculate the remainder when 20732748 is divided by 540.
528
What is the remainder when 2066655 is divided by 516473?
763
Calculate the remainder when 16256 is divided by 971.
720
What is the remainder when 1211710 is divided by 347?
333
What is the remainder when 3589 is divided by 198?
25
Calculate the remainder when 1793100 is divided by 4551.
6
What is the remainder when 283363 is divided by 2861?
124
Calculate the remainder when 9794487 is divided by 974.
917
What is the remainder when 11907321 is divided by 27062?
41
Calculate the remainder when 62548 is divided by 15521.
464
What is the remainder when 6140535 is divided by 64?
55
What is the remainder when 3021356 is divided by 1261?
0
What is the remainder when 1102447 is divided by 2816?
1391
What is the remainder when 135878 is divided by 1708?
946
Calculate the remainder when 3519774 is divided by 7635.
39
Calculate the remainder when 31085 is divided by 30924.
161
Calculate the remainder when 11613686 is divided by 66.
62
Calculate the remainder when 399126 is divided by 20800.
3926
What is the remainder when 75633 is divided by 24026?
3555
What is the remainder when 2746475 is divided by 4298?
53
What is the remainder when 42215324 is divided by 15?
14
Calculate the remainder when 4414042 is divided by 1348.
690
Calculate the remainder when 3367368 is divided by 4009.
3817
Calculate the remainder when 8515861 is divided by 16.
5
Calculate the remainder when 23432386 is divided by 14.
12
What is the remainder when 590941351 is divided by 986?
985
What is the remainder when 41147 is divided by 2605?
2072
What is the remainder when 3637224 is divided by 6348?
6168
Calculate the remainder when 1748146 is divided by 214.
194
What is the remainder when 31959 is divided by 13?
5
What is the remainder when 3136687 is divided by 3264?
3247
Calculate the remainder when 352305 is divided by 70345.
580
What is the remainder when 23714991 is divided by 7904996?
3
What is the remainder when 1389240 is divided by 2968?
216
Calculate the remainder when 231141 is divided by 25676.
57
What is the remainder when 6605 is divided by 6532?
73
What is the remainder when 1964686 is divided by 1640?
1606
What is the remainder when 53936472 is divided by 6742055?
32
Calculate the remainder when 132169 is divided by 2130.
109
What is the remainder when 1299233 is divided by 23187?
761
What is the remainder when 381595 is divided by 190755?
85
What is the remainder when 248403 is divided by 977?
245
Calculate the remainder when 31078 is divided by 182.
138
What is the remainder when 6816704 is divided by 103?
61
What is the remainder when 44406859 is divided by 70264?
11
Calculate the remainder when 21572945 is divided by 8845.
8835
Calculate the remainder when 1690901 is divided by 130.
121
Calculate the remainder when 1427651 is divided by 540.
431
Calculate the remainder when 147273 is divided by 1689.
330
Calculate the remainder when 21548 is divided by 1366.
1058
What is the remainder when 78450 is divided by 78083?
367
Calculate the remainder when 88685 is divided by 22166.
21
Calculate the remainder when 2979541 is divided by 11966.
7
Calculate the remainder when 28151 is divided by 236.
67
What is the remainder when 55494519 is divided by 1290?
9
Calculate the remainder when 1387510 is divided by 138717.
340
Calculate the remainder when 279631 is divided by 579.
553
Calculate the remainder when 6649 is divided by 594.
115
Calculate the remainder when 192996 is divided by 6431.
66
Calculate the remainder when 11570 is divided by 5330.
910
Calculate the remainder when 111063457 is divided by 120.
97
What is the remainder when 16777715 is divided by 5592560?
35
What is the remainder when 12845704 is divided by 5427?
5422
Calculate the remainder when 1348611 is divided by 677.
27
Calculate the remainder when 10902474 is divided by 78.
24
Calculate the remainder when 180759 is divided by 1146.
837
Calculate the remainder when 2828915 is divided by 570.
5
Calculate the remainder when 257149 is divided by 3065.
2754
Calculate the remainder when 875770 is divided by 62547.
112
What is the remainder when 1604887077 is divided by 10?
7
Calculate the remainder when 52182847 is divided by 756273.
10
Calculate the remainder when 36329229 is divided by 12109741.
6
Calculate the remainder when 67846500 is divided by 53.
34
What is the remainder when 2169577 is divided by 2413?
290
What is the remainder when 78262 is divided by 380?
362
Calculate the remainder when 769459 is divided by 854.
5
Calculate the remainder when 151762 is divided by 18199.
6170
What is the remainder when 135201581 is divided by 958?
957
What is the remainder when 812549826 is divided by 1795?
1791
Calculate the remainder when 7009675 is divided by 80.
75
Calculate the remainder when 703384 is divided by 257.
232
Calculate the remainder when 154201 is divided by 1177.
14
What is the remainder when 65969197 is divided by 200?
197
What is the remainder when 3636412 is divided by 242426?
22
Calculate the remainder when 15108504 is divided by 7.
5
What is the remainder when 11874846 is divided by 50?
46
What is the remainder when 901392 is divided by 565?
217
What is the remainder when 99064 is divided by 2674?
126
Calculate the remainder when 33027 is divided by 3753.
3003
Calculate the remainder when 242798 is divided by 201.
191
Calculate the remainder when 113140 is divided by 13236.
7252
Calculate the remainder when 3902972 is divided by 288.
284
Calculate the remainder when 63001105 is divided by 225.
205
Calculate the remainder when 14010 is divided by 2389.
2065
Calculate the remainder when 28326 is divided by 865.
646
What is the remainder when 16633 is divided by 1795?
478
Calculate the remainder when 1604291 is divided by 320852.
31
Calculate the remainder when 1873958 is divided by 296.
278
Calculate the remainder when 770475 is divided by 68.
35
What is the remainder when 374671 is divided by 41623?
64
Calculate the remainder when 112915 is divided by 2093.
1986
What is the remainder when 1443810 is divided by 240571?
384
Calculate the remainder when 65800817 is divided by 33796.
5
Calculate the remainder when 6653652 is divided by 229436.
8
Calculate the remainder when 465373 is divided by 300.
73
Calculate the remainder when 13971045 is divided by 364.
361
Calculate the remainder when 48512 is divided by 1424.
96
What is the remainder when 17965 is divided by 598?
25
Calculate the remainder when 215402 is divided by 4582.
48
Calculate the remainder when 5901775 is divided by 268249.
297
Calculate the remainder when 1260648 is divided by 13010.
11688
Calculate the remainder when 33372805 is divided by 39.
37
Calculate the remainder when 114329 is divided by 340.
89
What is the remainder when 